-26*h/(-4)*-2.
13
Suppose -3*h + 2*h - 4*k - 3 = 0, -5*h = -k - 27. Let o(b) = 8*b - 3. List the prime factors of o(h).
37
Let h be -2 + 5/(15/6). Let x = h + 0. Suppose -49 = -5*s - 2*f, 3*s + 5*f - 21 - 16 = x. What are the prime factors of s?
3
Let z = 117 - 69. List the prime factors of (9/(-4))/((-9)/z).
2, 3
List the prime factors of ((-49)/(-28))/(2/16).
2, 7
Let q be 4/(-5)*25/(-10). Suppose -2 = 2*g - q*z, -12 = -3*z - z. Suppose -10 = 5*p, -g*w - 4*p = -2*p - 12. What are the prime factors of w?
2
Suppose 5*m + 152 = -4*c, c = 4*c + 5*m + 109. Let l = c + 63. List the prime factors of l.
2, 5
Suppose 2*u - 15 = -3*u. Let k = 5 - u. Suppose 0*d = -d - k, -4*d - 27 = -g. List the prime factors of g.
19
Let a = -70 + 108. Suppose -f - 2*f = 3*k - 72, 4*k - a = -2*f. List the prime factors of f.
29
Suppose 7*g = 8*g - 22. Let v = 24 + g. What are the prime factors of v?
2, 23
Let v(q) = -q + 13. Let t be v(10). Suppose 2*o = -2*o + 20. Suppose -t*d + o = -7. What are the prime factors of d?
2
Let l(d) = 3 + 0 + 5 - 4*d - 3. What are the prime factors of l(-3)?
17
Let x be -3 - 4/(-4) - -4. Suppose 3*o = -n - x*n + 123, 5*o + 4*n = 210. List the prime factors of o.
2, 23
Let u(v) = v**2 + 9*v + 17. What are the prime factors of u(-13)?
3, 23
Let t(c) = -47*c - 1. Let y be t(-4). Suppose -179 + 21 = -4*n + 5*i, -5*n + y = -i. What are the prime factors of n?
37
Suppose 5*s + 71 = 3*n, s = 2*n - 0*s - 59. List the prime factors of n.
2
Let j = 7 + -4. Suppose -j*q + 22 = -q. What are the prime factors of q?
11
Let t(k) = 0 + 3 - k + 2. Let w be t(3). Suppose w = p - 0. List the prime factors of p.
2
Let t = 9 - -14. Let d = t + -41. What are the prime factors of (-328)/d - 16/72?
2, 3
Suppose -293 = 6*l - 797. What are the prime factors of l?
2, 3, 7
Let n = -15 - -20. Suppose 0 = n*g - 7 - 13. What are the prime factors of g?
2
Let l = 94 + 9. Suppose d + 2*u = 3*u + 23, -5*d + l = -2*u. List the prime factors of d.
19
Suppose 3*c = k - 15, 2 = 4*k + 4*c + 6. Suppose 27 = k*y - 2*y. List the prime factors of y.
3
Let t = 5 + -9. Let g(r) be the second derivative of r**4/12 + r**3/2 + r**2 + r. List the prime factors of g(t).
2, 3
Let a = 62 - 52. Let l(s) = 18*s**2 - s. Let b be l(-1). Let d = b - a. List the prime factors of d.
3
Suppose 0 = -9*m + 67 + 356. List the prime factors of m.
47
Suppose -w + 80 = -6*w. Let q = -8 - w. What are the prime factors of q?
2
Suppose 2*p - 3*d = d + 176, -p + 70 = 4*d. What are the prime factors of p?
2, 41
Let o be -1*6/4*-12. Suppose 4*g - 2 = o. What are the prime factors of g?
5
Suppose -3*b = 2*b + 20. What are the prime factors of ((-4)/(-3))/(b/(-18))?
2, 3
What are the prime factors of (-3 + 1)/((-10)/40)?
2
Let o(t) = -t**3 - t + 6. List the prime factors of o(0).
2, 3
Let h(o) = -o**3 + 4*o**2 + o - 1. Suppose -5*i - 2*t = -22, 3*i - 2 = 3*t + 7. Let m be h(i). What are the prime factors of 7*m/(-6)*-2?
7
Suppose 5*h - 5 = -0*h. Let p = h + 2. List the prime factors of p.
3
Suppose -s - 20 = -6. Let i = s - -22. List the prime factors of i.
2
List the prime factors of (15 + -2)/(7/21).
3, 13
Suppose -2*l = -3*m + 16, -3*l + 6*l - 14 = -5*m. Suppose -100 - 16 = -m*b. What are the prime factors of b?
29
Let q(s) = 11*s + 32*s**2 - 11 + 23*s**2 - 56*s**2. Suppose 0 = -3*n + 2*n + 8. What are the prime factors of q(n)?
13
Let f(n) = 42*n**2 - 1. List the prime factors of f(-1).
41
Let q(n) = n**2 + 6*n + 2. Let w = -1 + -5. What are the prime factors of q(w)?
2
Suppose 2*l = 6*l. Suppose -i + 18 = -l*i. Suppose 2*d = 3*d - i. What are the prime factors of d?
2, 3
Suppose 2*p + p = t - 10, -2*p = -t + 6. Let f(z) = -z**2 + 5*z - 1. Let s be f(2). What are the prime factors of (3*(-1 - s))/t?
3
Let j(o) = o**2 - 3*o + 3. Let b be j(2). Let q = 6 - b. Suppose -q*g + 11 = -9. What are the prime factors of g?
2
Let a = 56 - -84. What are the prime factors of a?
2, 5, 7
Let y = -55 + 188. What are the prime factors of y?
7, 19
Suppose 5*q = 4*q - 2. Let f be ((-66)/4)/(q/4). Suppose h = 4*h - f. List the prime factors of h.
11
Suppose -4*w + 0 = 40. Let f = w - -8. What are the prime factors of (-212)/(-12) + f/(-6)?
2, 3
Let x(u) be the third derivative of 7*u**4/24 + u**3/2 + 4*u**2. What are the prime factors of x(7)?
2, 13
Suppose -2*x + 12 = -2*j, -2*x - 2*j + 2 = 3*x. Suppose x*c - 6*c = -76. What are the prime factors of c?
19
Let z(c) = -c**3 - 10*c**2 - 8*c + 12. Let r be z(-9). Let w = 5 - r. What are the prime factors of w?
2
Let q = -87 + 167. List the prime factors of q/(-3)*(-54)/45.
2
Suppose 4*n = -17 + 561. List the prime factors of n.
2, 17
Let w be 1 + -7 + (3 - 2). Let k = w - -9. Suppose 3*g - 18 = k*x - x, 5*g - 30 = x. What are the prime factors of g?
2, 3
Let l = 12 + -9. Suppose l*h + 4*k = -k + 43, k = 2. What are the prime factors of h?
11
Let m(g) = -g**3 - g**2 + g + 5. Suppose -4*n = 4*j + 12, -5*j - 4 - 2 = 2*n. Let a be m(j). Let u = a - -5. List the prime factors of u.
2, 5
Let y = 4 - 4. Let p(z) = -3 + y - 3*z + 4. List the prime factors of p(-1).
2
Let p(m) = 14*m**2 - m + 1. Let z be (-2)/(-7) + 5/7. Let j be p(z). Suppose 5*x - j = 3*x. List the prime factors of x.
7
Suppose -2*n + 6*n = 0. Suppose w + 3*i = -2*i + 20, -2*i + 6 = n. Suppose 0 = w*f - 3*f - 16. List the prime factors of f.
2
Let q = -43 + 99. List the prime factors of q.
2, 7
Suppose 0 = -p + 5*p - 48. Let i = p - -16. What are the prime factors of i?
2, 7
Suppose 0 = 4*b + b - 3*r - 145, -b - 3*r + 11 = 0. List the prime factors of b.
2, 13
Let m = 50 - 48. What are the prime factors of m?
2
What are the prime factors of (-7)/35 - (-472)/10?
47
Let o(z) = z**3 + 5. Let w be o(0). Suppose 0 = -4*n + 2*r + 138, 4*n + 3*r = w*n - 27. List the prime factors of n.
2, 3
Let b = -84 + 160. What are the prime factors of b?
2, 19
Suppose 280 + 360 = -5*o - 2*p, 494 = -4*o + 2*p. Let f be 1/((-2)/o - 0). Suppose -5*r - 13 = -f. What are the prime factors of r?
2, 5
Suppose 2*h = -144 - 34. Let z = -51 - h. List the prime factors of z.
2, 19
Let p = 387 + -191. List the prime factors of p.
2, 7
Let y(b) = 3*b**3 + 23*b**2 + b + 16. Let q(p) = -p**3 - 12*p**2 - 8. Let r(u) = 5*q(u) + 2*y(u). List the prime factors of r(14).
2, 5
List the prime factors of (8 - -156) + (-4)/(1*-2).
2, 83
Let y be (3 + -2)*-1 + -3. Let n = y - -24. What are the prime factors of n?
2, 5
Suppose k - 38 = t - 4*t, -5*t - k = -60. What are the prime factors of t?
11
What are the prime factors of 54/4*(-28)/(-21)?
2, 3
Suppose -n + 6*n = -20. List the prime factors of ((-544)/(-40))/(n/(-10)).
2, 17
Suppose 4*x = 2*v + 10, 4*x - 12 - 7 = -v. Let l(t) be the first derivative of t**4/4 - t**3/3 - 2*t**2 - t + 2. List the prime factors of l(v).
5
Let o = 13 - 9. Let m be 126/(-35)*(-10)/o. Suppose 3 + m = 4*n, -x + 5*n = 6. List the prime factors of x.
3
Suppose -3*l + 367 + 92 = 0. List the prime factors of l.
3, 17
Suppose -2*d + 46 = -4*b + 6, 3*d = 2*b + 20. Let v = -7 - b. Suppose v*o = o + 8. What are the prime factors of o?
2
Suppose 0 = -4*m - 0*l - l + 10, -1 = -3*m - 4*l. Suppose -m*v = -5*v + 10. Suppose -v*u + 12 = -3. List the prime factors of u.
3
Suppose -4*x - x = 30. Let v be 3/(x/8*-2). Suppose b + v*b - 9 = 0. List the prime factors of b.
3
Let d(x) = -21*x + 5. Let c be d(-4). Suppose 4*y - 19 - c = 0. Suppose y = 3*w - 0*w. What are the prime factors of w?
3
Let x be (69 + -4)*6/10. Let g = -22 + x. What are the prime factors of g?
17
Let j = -6 + 8. Suppose j = -t + 27. What are the prime factors of t?
5
Let w(u) = -u + 5. Let s be w(-5). What are the prime factors of 2*2/8*s?
5
Suppose 2*v - 4*a - 2 = 8, 3 = -a. Let n = 5 + v. What are the prime factors of n?
2
Suppose -4*m + 10 = -2*w, m = 4*m + 4*w - 2. Suppose 0 = 3*r - 0*r. Suppose r*g = g - m. List the prime factors of g.
2
Suppose -6*f + 112 = 8*f. What are the prime factors of f?
2
Let c(j) = -j**3 - 6*j**2 - 10*j + 5. What are the prime factors of c(-4)?
13
Let g(w) = 2*w - 14. List the prime factors of g(16).
2, 3
What are the prime factors of (-84)/(-3*(-2)/(-9))?
2, 3, 7
Let l(b) = -20*b**2 - 17*b - 6. Let f(u) = -7*u**2 - 6*u - 2. Let d(i) = 11*f(i) - 4*l(i). List the prime factors of d(-2).
2, 5
Let c(b) = b**3 + 13*b**2 + b + 18. Let y = -10 - 3